at is -3a6 - -3d?
-367
In base 9, what is 1 + -157410?
-157408
In base 2, what is 1011 - 110011000?
-110001101
In base 8, what is -22051 - -60?
-21771
In base 15, what is -2bed + 0?
-2bed
In base 9, what is -2 - -568415?
568413
In base 13, what is -9c + -21a?
-2b9
In base 12, what is 3 + 118040?
118043
In base 9, what is -25 - -37702?
37666
In base 13, what is 105 + 18bb?
19c3
In base 10, what is 3878434 + 4?
3878438
In base 16, what is 7 + 2f567?
2f56e
In base 7, what is -66 - -25441?
25342
In base 12, what is -31091b + 7?
-310914
In base 7, what is 0 - 442044?
-442044
In base 2, what is -101111 + -10100010100011?
-10100011010010
In base 15, what is 983 + -115?
86d
In base 11, what is 470aa49 - -4?
470aa52
In base 5, what is -1000 - -43?
-402
In base 2, what is 1110011100 + -10001100011?
-11000111
In base 4, what is -1000 - 220103?
-221103
In base 3, what is -20 - 10111220010?
-10111220100
In base 8, what is 3 - 47054?
-47051
In base 11, what is -1376 + 100?
-1276
In base 7, what is 16144 + -1?
16143
In base 13, what is 7a - -31b?
398
In base 11, what is -a2116 - 1?
-a2117
In base 16, what is 1afa1 - 1?
1afa0
In base 2, what is -111100001000011110 - -1000?
-111100001000010110
In base 10, what is 1418487 - 2?
1418485
In base 10, what is -3 + -7741?
-7744
In base 2, what is -10001001100100 + -11?
-10001001100111
In base 9, what is -71218 - 4?
-71223
In base 11, what is -2232 + 16?
-2217
In base 6, what is 22002512 - 4?
22002504
In base 8, what is -15002405 - -4?
-15002401
In base 11, what is 17519 - 10?
17509
In base 6, what is -3 - -1202001?
1201554
In base 9, what is 24 - 28770?
-28745
In base 12, what is 99 + 330?
409
In base 10, what is -10 + -2363?
-2373
In base 6, what is -2030 - 512?
-2542
In base 10, what is 13404 + -1?
13403
In base 10, what is 1645 + -273?
1372
In base 15, what is 2283 - -11?
2294
In base 13, what is 591c - 5?
5917
In base 14, what is -8cb + -2?
-8cd
In base 11, what is 1 + 6a935?
6a936
In base 8, what is 66660 - -16?
66676
In base 3, what is 2121212 - -12022?
2211011
In base 4, what is -21223 - 10213?
-32102
In base 12, what is 6 + -3813?
-3809
In base 8, what is -6160 + -5?
-6165
In base 5, what is -1 + 4102203?
4102202
In base 15, what is b + -2cb?
-2c0
In base 10, what is -5926 + -1?
-5927
In base 10, what is -19 + -4041?
-4060
In base 13, what is -b85 - -2c?
-b56
In base 7, what is 32621 + -502?
32116
In base 15, what is 1057 - -30?
1087
In base 7, what is 24 + 2165?
2222
In base 4, what is -3 - -1303220301?
1303220232
In base 11, what is 2 - 1a52?
-1a50
In base 8, what is -36516245 + 0?
-36516245
In base 13, what is a14 - 171?
873
In base 6, what is 442 - -11315?
12201
In base 8, what is 5611 + 15?
5626
In base 9, what is -20 + 63?
43
In base 2, what is 1100 - -1011010000100001100?
1011010000100011000
In base 9, what is -2146 + 1607?
-438
In base 15, what is c3c8 + 16?
c3de
In base 7, what is -52003152 + -1?
-52003153
In base 3, what is 102021020 - 2010?
102012010
In base 9, what is 5 - -71727?
71733
In base 15, what is cb82 - 9?
cb78
In base 14, what is 25d59 + 8?
25d63
In base 11, what is -6125 - 48?
-6172
In base 8, what is -55770 + 2?
-55766
In base 16, what is -7 - fe2c?
-fe33
In base 7, what is -3 + 235400?
235364
In base 5, what is -2 + -1204021?
-1204023
In base 13, what is 120b9 + 3?
120bc
In base 6, what is -32241 + 31?
-32210
In base 2, what is 100 + 100100011100?
100100100000
In base 10, what is 775 + 284?
1059
In base 3, what is -1010020 + -100200?
-1110220
In base 4, what is -30020 - 11?
-30031
In base 13, what is 14 - 405c4?
-405b0
In base 10, what is 7 - 68552?
-68545
In base 14, what is 8a + 9b?
147
In base 6, what is 113 + -125502?
-125345
In base 5, what is 10 - -232043?
232103
In base 5, what is -10224022340 + 0?
-10224022340
In base 7, what is 3 + -23506252?
-23506246
In base 2, what is -11100 - 10000010111101?
-10000011011001
In base 10, what is -37906 + 0?
-37906
In base 7, what is -433 + 50?
-353
In base 6, what is -40452 + -5?
-40501
In base 12, what is 224 - 259?
-35
In base 15, what is -19e - -67?
-137
In base 10, what is 3 + -7405?
-7402
In base 7, what is 43041 - 161?
42550
In base 12, what is -1aaa9 + 4?
-1aaa5
In base 10, what is -265 + 61?
-204
In base 9, what is 4 - -85220?
85224
In base 7, what is 2 + 1321066?
1321101
In base 4, what is -1 + 330012?
330011
In base 2, what is -100 + 10110011000101100?
10110011000101000
In base 9, what is 853166 + 8?
853175
In base 6, what is -10 - -515404?
515354
In base 14, what is -4dd - 1290?
-178d
In base 7, what is -2 + 15062106?
15062104
In base 14, what is 2 - -4a320?
4a322
In base 15, what is 4b4 + 59?
51d
In base 12, what is -a552 - 25?
-a577
In base 6, what is -200453 - -203?
-200250
In base 2, what is 100100111111 - 11011001?
100001100110
In base 9, what is 112 + -326?
-214
In base 12, what is 3b53 + -4?
3b4b
In base 16, what is -824b + -1b?
-8266
In base 15, what is a85 + d?
a93
In base 9, what is -128265 - 3?
-128268
In base 8, what is -422 - -2717?
2275
In base 5, what is 10 + 1440231?
1440241
In base 12, what is 12a0 + 14?
12b4
In base 11, what is 3151 - 13?
3139
In base 3, what is -12 - 221211?
-222000
In base 13, what is 53 - 1a66?
-1a13
In base 12, what is -7 - -30a38?
30a31
In base 15, what is -551 - 5?
-556
In base 9, what is -271 + -10023?
-10304
In base 5, what is 412 + 33420?
34332
In base 8, what is -5712 + 377?
-5313
In base 13, what is -5 + -1935?
-193a
In base 8, what is -40412254 + -4?
-40412260
In base 13, what is -11b + 85?
-66
In base 5, what is -122321 + 2233?
-120033
In base 5, what is 42231 - 22?
42204
In base 7, what is -430 + -660?
-1420
In base 7, what is 10623 + 56?
11012
In base 5, what is 20 - 13104104?
-13104034
In base 4, what is 30 + -23330123?
-23330033
In base 12, what is -2389 + -93?
-2460
In base 4, what is 11130331 + -3?
11130322
In base 8, what is -131336 + 13?
-131323
In base 4, what is 11 + -3111223220?
-3111223203
In base 12, what is -10305 - 2a?
-10333
In base 8, what is -37 - 37?
-76
In base 7, what is 2 + 226653?
226655
In base 5, what is -123342 - -3?
-123334
In base 2, what is -1111110110110101 - -11?
-1111110110110010
In base 15, what is -118 + 4?
-114
In base 3, what is 11022102220 + 0?
11022102220
In base 2, what is 10101100 + -10110011010?
-10011101110
In base 12, what is 80768 + -7?
80761
In base 12, what is -214 - -13?
-201
In base 15, what is 6 - -5cd4b?
5cd52
In base 11, what is -539810 - 1?
-539811
In base 6, what is -10222102 - -4?
-10222054
In base 13, what is 135a - 49?
1311
In base 2, what is -100010101111011011 + 0?
-100010101111011011
In base 6, what is 24545 - -20?
25005
In base 14, what is 2 + -2393?
-2391
In base 8, what is -4210 - 177?
-4407
In base 9, what is 728854 + 0?
728854
In base 14, what is 4 + 5212?
5216
In base 11, what is 3 - -543817?
54381a
In base 7, what is -4355 + -53?
-4441
In base 13, what is 8a50 - a?
8a43
In base 10, what is 47 - -15341?
15388
In base 6, what is -2411 - 201?
-3012
In base 2, what is -101111000110011 + 100?
-101111000101111
In base 5, what is -23311 - 1410?
-30221
In base 10, what is -4810326 + 4?
-4810322
In base 15, what is -107 - b92?
-c99
In base 2, what is 10 + 101001001000100?
101001001000110
In base 2, what is -100000010001 - 11100111101?
-111101001110
In base 8, what is -161450 + 13?
-161435
In base 11, what is -1a91 - 3a?
-2020
In base 11, what is 346992 - -1?
346993
In base 7, what is 1062 - -100?
1162
In base 15, what is 18 + -2379?
-2361
In base 9, what is -11310 + -52?
-11362
In base 8, what is -1 - 31244?
-31245
In base 8, what is 4 + 2756?
2762
In base 2, what is 101100 - 11111011?
-11001111
In base 14, what is -32 + -2ad1?
-2b23
In base 10, what is 324 - -1580?
1904
In base 10, what is 3 + -236596?
-236593
In base 12, what is 823 + -77?
768
In base 9, what is -4 - 201124?
-201128
In base 7, what is -2620 - 605?
-3525
In base 14, what is 39c6c + -1?
39c6b
In base 16, what is -3 + -f3fd?
-f400
In base 3, what is -10111021212 - 0?
-10111021212
In base 14, what is 92dbc7 - 2?
92dbc5
In base 4, what is 20 + -23311231?
-23311211
In base 9, what is 10612 - -1?
10613
In base 7, what is -1001 - -26521?
25520
In base 8, what is 4 + -76001?
-75775
In base 16, what is 7cc - -36?
802
In base 15, what is 40c67 - 16?
40c51
In base 